{"id":1725,"date":"2025-07-14T13:59:52","date_gmt":"2025-07-14T13:59:52","guid":{"rendered":"https:\/\/kezae.com\/engevale\/?page_id=1725"},"modified":"2025-08-01T09:55:12","modified_gmt":"2025-08-01T12:55:12","slug":"rede-brasil-do-pacto-global","status":"publish","type":"page","link":"https:\/\/engevale.com\/site\/rede-brasil-do-pacto-global\/","title":{"rendered":"Rede Brasil do Pacto Global"},"content":{"rendered":"\t\t<div data-elementor-type=\"wp-page\" data-elementor-id=\"1725\" class=\"elementor elementor-1725\" data-elementor-post-type=\"page\">\n\t\t\t\t<div class=\"elementor-element elementor-element-1fd0a26 e-flex e-con-boxed e-con e-parent\" data-id=\"1fd0a26\" data-element_type=\"container\" data-settings=\"{&quot;background_background&quot;:&quot;gradient&quot;,&quot;shape_divider_bottom&quot;:&quot;arrow&quot;}\">\n\t\t\t\t\t<div class=\"e-con-inner\">\n\t\t\t\t<div class=\"elementor-shape elementor-shape-bottom\" aria-hidden=\"true\" data-negative=\"false\">\n\t\t\t<svg xmlns=\"http:\/\/www.w3.org\/2000\/svg\" viewBox=\"0 0 700 10\" preserveAspectRatio=\"none\">\n\t<path class=\"elementor-shape-fill\" d=\"M350,10L340,0h20L350,10z\"\/>\n<\/svg>\t\t<\/div>\n\t\t<div class=\"elementor-element elementor-element-21712b5 e-con-full e-flex e-con e-child\" data-id=\"21712b5\" data-element_type=\"container\">\n\t\t\t\t<div class=\"elementor-element elementor-element-4b016ae elementor-widget elementor-widget-heading\" data-id=\"4b016ae\" data-element_type=\"widget\" data-widget_type=\"heading.default\">\n\t\t\t\t\t<h1 class=\"elementor-heading-title elementor-size-default\">Rede Brasil do Pacto Global<\/h1>\t\t\t\t<\/div>\n\t\t\t\t<\/div>\n\t\t\t\t\t<\/div>\n\t\t\t\t<\/div>\n\t\t<div class=\"elementor-element elementor-element-796a6be e-flex e-con-boxed e-con e-parent\" data-id=\"796a6be\" data-element_type=\"container\" data-settings=\"{&quot;background_background&quot;:&quot;classic&quot;}\">\n\t\t\t\t\t<div class=\"e-con-inner\">\n\t\t<div class=\"elementor-element elementor-element-e410172 e-con-full e-flex e-con e-child\" data-id=\"e410172\" data-element_type=\"container\">\n\t\t\t\t<div class=\"elementor-element elementor-element-d467550 elementor-hidden-desktop elementor-widget elementor-widget-image\" data-id=\"d467550\" data-element_type=\"widget\" data-widget_type=\"image.default\">\n\t\t\t\t\t\t\t\t\t\t\t\t\t\t\t<img fetchpriority=\"high\" decoding=\"async\" width=\"768\" height=\"1024\" src=\"https:\/\/engevale.com\/site\/wp-content\/uploads\/2025\/07\/Foto-pagina-06-Rede-Brasil-do-Pacto-Global-copy-768x1024.webp\" class=\"attachment-large size-large wp-image-1734\" alt=\"\" srcset=\"https:\/\/engevale.com\/site\/wp-content\/uploads\/2025\/07\/Foto-pagina-06-Rede-Brasil-do-Pacto-Global-copy-768x1024.webp 768w, https:\/\/engevale.com\/site\/wp-content\/uploads\/2025\/07\/Foto-pagina-06-Rede-Brasil-do-Pacto-Global-copy-225x300.webp 225w, https:\/\/engevale.com\/site\/wp-content\/uploads\/2025\/07\/Foto-pagina-06-Rede-Brasil-do-Pacto-Global-copy-1152x1536.webp 1152w, https:\/\/engevale.com\/site\/wp-content\/uploads\/2025\/07\/Foto-pagina-06-Rede-Brasil-do-Pacto-Global-copy-1536x2048.webp 1536w, https:\/\/engevale.com\/site\/wp-content\/uploads\/2025\/07\/Foto-pagina-06-Rede-Brasil-do-Pacto-Global-copy-scaled.webp 1920w\" sizes=\"(max-width: 768px) 100vw, 768px\" \/>\t\t\t\t\t\t\t\t\t\t\t\t\t\t\t<\/div>\n\t\t\t\t<div class=\"elementor-element elementor-element-8c92783 elementor-widget__width-initial elementor-widget-mobile__width-inherit elementor-widget elementor-widget-text-editor\" data-id=\"8c92783\" data-element_type=\"widget\" data-widget_type=\"text-editor.default\">\n\t\t\t\t\t\t\t\t\t<p>Como empresa signat\u00e1ria do Pacto Global &#8211; Rede Brasil da ONU, desde 2021, a Engevale Engenharia tem como compromisso n\u00e3o apenas a excel\u00eancia t\u00e9cnica, mas tamb\u00e9m a pr\u00e1tica de uma gest\u00e3o \u00e9tica e transparente, comprometida com a responsabilidade social e ambiental.<\/p><p>Temos um compromisso inegoci\u00e1vel com os direitos humanos, garantindo dignidade e respeito aos nossos funcion\u00e1rios, parceiros e comunidades, e como empresa integrante do Pacto Global, refor\u00e7amos nossa responsabilidade em combater a<br \/>corrup\u00e7\u00e3o, a discrimina\u00e7\u00e3o, em promover a inclus\u00e3o e em prevenir qualquer forma de explora\u00e7\u00e3o, incluindo trabalho infantil e for\u00e7ado.<\/p><p>Tamb\u00e9m asseguramos a liberdade de associa\u00e7\u00e3o e negocia\u00e7\u00e3o coletiva, conforme as conven\u00e7\u00f5es da Organiza\u00e7\u00e3o Internacional do Trabalho (OIT), e mantemos um ambiente de trabalho \u00e9tico, livre de ass\u00e9dio\u00a0e\u00a0abusos.<\/p>\t\t\t\t\t\t\t\t<\/div>\n\t\t<div class=\"elementor-element elementor-element-04da75d e-con-full e-flex e-con e-child\" data-id=\"04da75d\" data-element_type=\"container\">\n\t\t\t\t<div class=\"elementor-element elementor-element-1c2c327 elementor-widget-mobile__width-initial elementor-widget elementor-widget-image\" data-id=\"1c2c327\" data-element_type=\"widget\" data-widget_type=\"image.default\">\n\t\t\t\t\t\t\t\t\t\t\t\t\t\t\t<img decoding=\"async\" width=\"800\" height=\"216\" src=\"https:\/\/engevale.com\/site\/wp-content\/uploads\/2025\/07\/logo-nacoes-unidas-brasil-1024x276.jpg\" class=\"attachment-large size-large wp-image-1735\" alt=\"\" srcset=\"https:\/\/engevale.com\/site\/wp-content\/uploads\/2025\/07\/logo-nacoes-unidas-brasil-1024x276.jpg 1024w, https:\/\/engevale.com\/site\/wp-content\/uploads\/2025\/07\/logo-nacoes-unidas-brasil-300x81.jpg 300w, https:\/\/engevale.com\/site\/wp-content\/uploads\/2025\/07\/logo-nacoes-unidas-brasil-768x207.jpg 768w, https:\/\/engevale.com\/site\/wp-content\/uploads\/2025\/07\/logo-nacoes-unidas-brasil.jpg 1280w\" sizes=\"(max-width: 800px) 100vw, 800px\" \/>\t\t\t\t\t\t\t\t\t\t\t\t\t\t\t<\/div>\n\t\t\t\t<div class=\"elementor-element elementor-element-56b045d elementor-widget-mobile__width-initial elementor-widget elementor-widget-image\" data-id=\"56b045d\" data-element_type=\"widget\" data-widget_type=\"image.default\">\n\t\t\t\t\t\t\t\t\t\t\t\t\t\t\t<img decoding=\"async\" width=\"800\" height=\"292\" src=\"https:\/\/engevale.com\/site\/wp-content\/uploads\/2025\/07\/Logo-Pacto-Global-1024x374.png\" class=\"attachment-large size-large wp-image-1736\" alt=\"\" srcset=\"https:\/\/engevale.com\/site\/wp-content\/uploads\/2025\/07\/Logo-Pacto-Global-1024x374.png 1024w, https:\/\/engevale.com\/site\/wp-content\/uploads\/2025\/07\/Logo-Pacto-Global-300x110.png 300w, https:\/\/engevale.com\/site\/wp-content\/uploads\/2025\/07\/Logo-Pacto-Global-768x280.png 768w, https:\/\/engevale.com\/site\/wp-content\/uploads\/2025\/07\/Logo-Pacto-Global.png 1200w\" sizes=\"(max-width: 800px) 100vw, 800px\" \/>\t\t\t\t\t\t\t\t\t\t\t\t\t\t\t<\/div>\n\t\t\t\t<\/div>\n\t\t\t\t<\/div>\n\t\t<div class=\"elementor-element elementor-element-ed2f4c5 e-con-full elementor-hidden-mobile elementor-hidden-tablet e-flex e-con e-child\" data-id=\"ed2f4c5\" data-element_type=\"container\">\n\t\t\t\t<div class=\"elementor-element elementor-element-bed5fd4 elementor-widget elementor-widget-image\" data-id=\"bed5fd4\" data-element_type=\"widget\" data-widget_type=\"image.default\">\n\t\t\t\t\t\t\t\t\t\t\t\t\t\t\t<img loading=\"lazy\" decoding=\"async\" width=\"1920\" height=\"2560\" src=\"https:\/\/engevale.com\/site\/wp-content\/uploads\/2025\/07\/Foto-pagina-06-Rede-Brasil-do-Pacto-Global-copy-scaled.webp\" class=\"attachment-full size-full wp-image-1734\" alt=\"\" srcset=\"https:\/\/engevale.com\/site\/wp-content\/uploads\/2025\/07\/Foto-pagina-06-Rede-Brasil-do-Pacto-Global-copy-scaled.webp 1920w, https:\/\/engevale.com\/site\/wp-content\/uploads\/2025\/07\/Foto-pagina-06-Rede-Brasil-do-Pacto-Global-copy-225x300.webp 225w, https:\/\/engevale.com\/site\/wp-content\/uploads\/2025\/07\/Foto-pagina-06-Rede-Brasil-do-Pacto-Global-copy-768x1024.webp 768w, https:\/\/engevale.com\/site\/wp-content\/uploads\/2025\/07\/Foto-pagina-06-Rede-Brasil-do-Pacto-Global-copy-1152x1536.webp 1152w, https:\/\/engevale.com\/site\/wp-content\/uploads\/2025\/07\/Foto-pagina-06-Rede-Brasil-do-Pacto-Global-copy-1536x2048.webp 1536w\" sizes=\"(max-width: 1920px) 100vw, 1920px\" \/>\t\t\t\t\t\t\t\t\t\t\t\t\t\t\t<\/div>\n\t\t\t\t<\/div>\n\t\t\t\t\t<\/div>\n\t\t\t\t<\/div>\n\t\t\t\t<\/div>\n\t\t","protected":false},"excerpt":{"rendered":"<p>Rede Brasil do Pacto Global Como empresa signat\u00e1ria do Pacto Global &#8211; Rede Brasil da ONU, desde 2021, a Engevale Engenharia tem como compromisso n\u00e3o apenas a excel\u00eancia t\u00e9cnica, mas tamb\u00e9m a pr\u00e1tica de uma gest\u00e3o \u00e9tica e transparente, comprometida com a responsabilidade social e ambiental. Temos um compromisso inegoci\u00e1vel com os direitos humanos, garantindo [&hellip;]<\/p>\n","protected":false},"author":2,"featured_media":0,"parent":0,"menu_order":0,"comment_status":"closed","ping_status":"closed","template":"","meta":{"footnotes":""},"class_list":["post-1725","page","type-page","status-publish","hentry"],"_links":{"self":[{"href":"https:\/\/engevale.com\/site\/wp-json\/wp\/v2\/pages\/1725","targetHints":{"allow":["GET"]}}],"collection":[{"href":"https:\/\/engevale.com\/site\/wp-json\/wp\/v2\/pages"}],"about":[{"href":"https:\/\/engevale.com\/site\/wp-json\/wp\/v2\/types\/page"}],"author":[{"embeddable":true,"href":"https:\/\/engevale.com\/site\/wp-json\/wp\/v2\/users\/2"}],"replies":[{"embeddable":true,"href":"https:\/\/engevale.com\/site\/wp-json\/wp\/v2\/comments?post=1725"}],"version-history":[{"count":28,"href":"https:\/\/engevale.com\/site\/wp-json\/wp\/v2\/pages\/1725\/revisions"}],"predecessor-version":[{"id":2806,"href":"https:\/\/engevale.com\/site\/wp-json\/wp\/v2\/pages\/1725\/revisions\/2806"}],"wp:attachment":[{"href":"https:\/\/engevale.com\/site\/wp-json\/wp\/v2\/media?parent=1725"}],"curies":[{"name":"wp","href":"https:\/\/api.w.org\/{rel}","templated":true}]}}

<div data-elementor-type="wp-page" data-elementor-id="1725" class="elementor elementor-1725" data-elementor-post-type="page">
				<div class="elementor-element elementor-element-1fd0a26 e-flex e-con-boxed e-con e-parent" data-id="1fd0a26" data-element_type="container" data-settings="{&quot;background_background&quot;:&quot;gradient&quot;,&quot;shape_divider_bottom&quot;:&quot;arrow&quot;}">
					<div class="e-con-inner">
				<div class="elementor-shape elementor-shape-bottom" aria-hidden="true" data-negative="false">
			<svg xmlns="http://www.w3.org/2000/svg" viewBox="0 0 700 10" preserveAspectRatio="none">
	<path class="elementor-shape-fill" d="M350,10L340,0h20L350,10z"/>
</svg>		</div>
		<div class="elementor-element elementor-element-21712b5 e-con-full e-flex e-con e-child" data-id="21712b5" data-element_type="container">
				<div class="elementor-element elementor-element-4b016ae elementor-widget elementor-widget-heading" data-id="4b016ae" data-element_type="widget" data-widget_type="heading.default">
					<h1 class="elementor-heading-title elementor-size-default">Rede Brasil do Pacto Global</h1>				</div>
				</div>
					</div>
				</div>
		<div class="elementor-element elementor-element-796a6be e-flex e-con-boxed e-con e-parent" data-id="796a6be" data-element_type="container" data-settings="{&quot;background_background&quot;:&quot;classic&quot;}">
					<div class="e-con-inner">
		<div class="elementor-element elementor-element-e410172 e-con-full e-flex e-con e-child" data-id="e410172" data-element_type="container">
				<div class="elementor-element elementor-element-d467550 elementor-hidden-desktop elementor-widget elementor-widget-image" data-id="d467550" data-element_type="widget" data-widget_type="image.default">
															<img fetchpriority="high" decoding="async" width="768" height="1024" src="https://engevale.com/site/wp-content/uploads/2025/07/Foto-pagina-06-Rede-Brasil-do-Pacto-Global-copy-768x1024.webp" class="attachment-large size-large wp-image-1734" alt="" srcset="https://engevale.com/site/wp-content/uploads/2025/07/Foto-pagina-06-Rede-Brasil-do-Pacto-Global-copy-768x1024.webp 768w, https://engevale.com/site/wp-content/uploads/2025/07/Foto-pagina-06-Rede-Brasil-do-Pacto-Global-copy-225x300.webp 225w, https://engevale.com/site/wp-content/uploads/2025/07/Foto-pagina-06-Rede-Brasil-do-Pacto-Global-copy-1152x1536.webp 1152w, https://engevale.com/site/wp-content/uploads/2025/07/Foto-pagina-06-Rede-Brasil-do-Pacto-Global-copy-1536x2048.webp 1536w, https://engevale.com/site/wp-content/uploads/2025/07/Foto-pagina-06-Rede-Brasil-do-Pacto-Global-copy-scaled.webp 1920w" sizes="(max-width: 768px) 100vw, 768px" />															</div>
				<div class="elementor-element elementor-element-8c92783 elementor-widget__width-initial elementor-widget-mobile__width-inherit elementor-widget elementor-widget-text-editor" data-id="8c92783" data-element_type="widget" data-widget_type="text-editor.default">
									<p>Como empresa signatária do Pacto Global &#8211; Rede Brasil da ONU, desde 2021, a Engevale Engenharia tem como compromisso não apenas a excelência técnica, mas também a prática de uma gestão ética e transparente, comprometida com a responsabilidade social e ambiental.</p><p>Temos um compromisso inegociável com os direitos humanos, garantindo dignidade e respeito aos nossos funcionários, parceiros e comunidades, e como empresa integrante do Pacto Global, reforçamos nossa responsabilidade em combater a<br />corrupção, a discriminação, em promover a inclusão e em prevenir qualquer forma de exploração, incluindo trabalho infantil e forçado.</p><p>Também asseguramos a liberdade de associação e negociação coletiva, conforme as convenções da Organização Internacional do Trabalho (OIT), e mantemos um ambiente de trabalho ético, livre de assédio e abusos.</p>								</div>
		<div class="elementor-element elementor-element-04da75d e-con-full e-flex e-con e-child" data-id="04da75d" data-element_type="container">
				<div class="elementor-element elementor-element-1c2c327 elementor-widget-mobile__width-initial elementor-widget elementor-widget-image" data-id="1c2c327" data-element_type="widget" data-widget_type="image.default">
															<img decoding="async" width="800" height="216" src="https://engevale.com/site/wp-content/uploads/2025/07/logo-nacoes-unidas-brasil-1024x276.jpg" class="attachment-large size-large wp-image-1735" alt="" srcset="https://engevale.com/site/wp-content/uploads/2025/07/logo-nacoes-unidas-brasil-1024x276.jpg 1024w, https://engevale.com/site/wp-content/uploads/2025/07/logo-nacoes-unidas-brasil-300x81.jpg 300w, https://engevale.com/site/wp-content/uploads/2025/07/logo-nacoes-unidas-brasil-768x207.jpg 768w, https://engevale.com/site/wp-content/uploads/2025/07/logo-nacoes-unidas-brasil.jpg 1280w" sizes="(max-width: 800px) 100vw, 800px" />															</div>
				<div class="elementor-element elementor-element-56b045d elementor-widget-mobile__width-initial elementor-widget elementor-widget-image" data-id="56b045d" data-element_type="widget" data-widget_type="image.default">
															<img decoding="async" width="800" height="292" src="https://engevale.com/site/wp-content/uploads/2025/07/Logo-Pacto-Global-1024x374.png" class="attachment-large size-large wp-image-1736" alt="" srcset="https://engevale.com/site/wp-content/uploads/2025/07/Logo-Pacto-Global-1024x374.png 1024w, https://engevale.com/site/wp-content/uploads/2025/07/Logo-Pacto-Global-300x110.png 300w, https://engevale.com/site/wp-content/uploads/2025/07/Logo-Pacto-Global-768x280.png 768w, https://engevale.com/site/wp-content/uploads/2025/07/Logo-Pacto-Global.png 1200w" sizes="(max-width: 800px) 100vw, 800px" />															</div>
				</div>
				</div>
		<div class="elementor-element elementor-element-ed2f4c5 e-con-full elementor-hidden-mobile elementor-hidden-tablet e-flex e-con e-child" data-id="ed2f4c5" data-element_type="container">
				<div class="elementor-element elementor-element-bed5fd4 elementor-widget elementor-widget-image" data-id="bed5fd4" data-element_type="widget" data-widget_type="image.default">
															<img loading="lazy" decoding="async" width="1920" height="2560" src="https://engevale.com/site/wp-content/uploads/2025/07/Foto-pagina-06-Rede-Brasil-do-Pacto-Global-copy-scaled.webp" class="attachment-full size-full wp-image-1734" alt="" srcset="https://engevale.com/site/wp-content/uploads/2025/07/Foto-pagina-06-Rede-Brasil-do-Pacto-Global-copy-scaled.webp 1920w, https://engevale.com/site/wp-content/uploads/2025/07/Foto-pagina-06-Rede-Brasil-do-Pacto-Global-copy-225x300.webp 225w, https://engevale.com/site/wp-content/uploads/2025/07/Foto-pagina-06-Rede-Brasil-do-Pacto-Global-copy-768x1024.webp 768w, https://engevale.com/site/wp-content/uploads/2025/07/Foto-pagina-06-Rede-Brasil-do-Pacto-Global-copy-1152x1536.webp 1152w, https://engevale.com/site/wp-content/uploads/2025/07/Foto-pagina-06-Rede-Brasil-do-Pacto-Global-copy-1536x2048.webp 1536w" sizes="(max-width: 1920px) 100vw, 1920px" />															</div>
				</div>
					</div>
				</div>
				</div>

<p>Rede Brasil do Pacto Global Como empresa signatária do Pacto Global &#8211; Rede Brasil da ONU, desde 2021, a Engevale Engenharia tem como compromisso não apenas a excelência técnica, mas também a prática de uma gestão ética e transparente, comprometida com a responsabilidade social e ambiental. Temos um compromisso inegociável com os direitos humanos, garantindo [&hellip;]</p>
